{"id":61,"date":"2024-12-11T18:21:54","date_gmt":"2024-12-11T18:21:54","guid":{"rendered":"https:\/\/eventospirotecnicosalicante.com\/?page_id=61"},"modified":"2024-12-27T13:16:11","modified_gmt":"2024-12-27T13:16:11","slug":"fuegos-artificiales-para-babysower-en-alicante","status":"publish","type":"page","link":"https:\/\/eventospirotecnicosalicante.com\/?page_id=61","title":{"rendered":"Fuegos Artificiales para Babysower en Alicante"},"content":{"rendered":"\t\t<div data-elementor-type=\"wp-page\" data-elementor-id=\"61\" class=\"elementor elementor-61\">\n\t\t\t\t\t\t<section class=\"elementor-section elementor-top-section elementor-element elementor-element-12fccc18 elementor-section-height-min-height elementor-section-boxed elementor-section-height-default elementor-section-items-middle\" data-id=\"12fccc18\" data-element_type=\"section\" data-settings=\"{&quot;background_background&quot;:&quot;classic&quot;}\">\n\t\t\t\t\t\t\t<div class=\"elementor-background-overlay\"><\/div>\n\t\t\t\t\t\t\t<div class=\"elementor-container elementor-column-gap-default\">\n\t\t\t\t\t<div class=\"elementor-column elementor-col-100 elementor-top-column elementor-element elementor-element-2a91ca8f\" data-id=\"2a91ca8f\" data-element_type=\"column\">\n\t\t\t<div class=\"elementor-widget-wrap elementor-element-populated\">\n\t\t\t\t\t\t<div class=\"elementor-element elementor-element-40dbaf44 elementor-widget elementor-widget-heading\" data-id=\"40dbaf44\" data-element_type=\"widget\" data-widget_type=\"heading.default\">\n\t\t\t\t<div class=\"elementor-widget-container\">\n\t\t\t\t\t<h1 class=\"elementor-heading-title elementor-size-default\">Espect\u00e1culos pirot\u00e9cnicos Babyshowers en\u00a0Alicante<\/h1>\t\t\t\t<\/div>\n\t\t\t\t<\/div>\n\t\t\t\t<div class=\"elementor-element elementor-element-208d80d3 elementor-widget elementor-widget-elementskit-heading\" data-id=\"208d80d3\" data-element_type=\"widget\" data-widget_type=\"elementskit-heading.default\">\n\t\t\t\t<div class=\"elementor-widget-container\">\n\t\t\t\t\t<div class=\"ekit-wid-con\" ><div class=\"ekit-heading elementskit-section-title-wraper text_center   ekit_heading_tablet-   ekit_heading_mobile-\"><h2 class=\"ekit-heading--title elementskit-section-title \">Home \/ <span><span>Babysower<\/span><\/span><\/h2><\/div><\/div>\t\t\t\t<\/div>\n\t\t\t\t<\/div>\n\t\t\t\t\t<\/div>\n\t\t<\/div>\n\t\t\t\t\t<\/div>\n\t\t<\/section>\n\t\t\t\t<section class=\"elementor-section elementor-top-section elementor-element elementor-element-303bc0cb elementor-section-boxed elementor-section-height-default elementor-section-height-default\" data-id=\"303bc0cb\" data-element_type=\"section\" data-settings=\"{&quot;background_background&quot;:&quot;classic&quot;}\">\n\t\t\t\t\t\t<div class=\"elementor-container elementor-column-gap-default\">\n\t\t\t\t\t<div class=\"elementor-column elementor-col-100 elementor-top-column elementor-element elementor-element-7099bc24\" data-id=\"7099bc24\" data-element_type=\"column\">\n\t\t\t<div class=\"elementor-widget-wrap elementor-element-populated\">\n\t\t\t\t\t\t<div class=\"elementor-element elementor-element-2a73ce09 elementor-widget elementor-widget-text-editor\" data-id=\"2a73ce09\" data-element_type=\"widget\" data-widget_type=\"text-editor.default\">\n\t\t\t\t<div class=\"elementor-widget-container\">\n\t\t\t\t\t\t\t\t\t<span style=\"font-size: 130%;\">Organizar un <strong>Babysower<\/strong> en Alicante es una ocasi\u00f3n especial para compartir alegr\u00eda y anticipaci\u00f3n con amigos y familiares. En <strong>Eventos Pirot\u00e9cnicos Alicante<\/strong>, nos encargamos de a\u00f1adir un toque m\u00e1gico a tu celebraci\u00f3n con fuegos artificiales cuidadosamente dise\u00f1ados, perfectos para crear un ambiente lleno de luz y emoci\u00f3n.<\/span>\t\t\t\t\t\t\t\t<\/div>\n\t\t\t\t<\/div>\n\t\t\t\t\t<\/div>\n\t\t<\/div>\n\t\t\t\t\t<\/div>\n\t\t<\/section>\n\t\t\t\t<section class=\"elementor-section elementor-top-section elementor-element elementor-element-650e6af elementor-section-boxed elementor-section-height-default elementor-section-height-default\" data-id=\"650e6af\" data-element_type=\"section\">\n\t\t\t\t\t\t<div class=\"elementor-container elementor-column-gap-default\">\n\t\t\t\t\t<div class=\"elementor-column elementor-col-100 elementor-top-column elementor-element elementor-element-ef4cdb0\" data-id=\"ef4cdb0\" data-element_type=\"column\">\n\t\t\t<div class=\"elementor-widget-wrap elementor-element-populated\">\n\t\t\t\t\t\t<div class=\"elementor-element elementor-element-77e1d3d elementor-widget elementor-widget-heading\" data-id=\"77e1d3d\" data-element_type=\"widget\" data-widget_type=\"heading.default\">\n\t\t\t\t<div class=\"elementor-widget-container\">\n\t\t\t\t\t<h3 class=\"elementor-heading-title elementor-size-default\">INFORMACI\u00d3N SOBRE EL EVENTO<\/h3>\t\t\t\t<\/div>\n\t\t\t\t<\/div>\n\t\t\t\t<div class=\"elementor-element elementor-element-baeb4f7 elementor-widget elementor-widget-heading\" data-id=\"baeb4f7\" data-element_type=\"widget\" data-widget_type=\"heading.default\">\n\t\t\t\t<div class=\"elementor-widget-container\">\n\t\t\t\t\t<h2 class=\"elementor-heading-title elementor-size-default\">Nuestros espect\u00e1culos para Babysower incluyen<\/h2>\t\t\t\t<\/div>\n\t\t\t\t<\/div>\n\t\t\t\t<section class=\"elementor-section elementor-inner-section elementor-element elementor-element-39ec0be elementor-section-boxed elementor-section-height-default elementor-section-height-default\" data-id=\"39ec0be\" data-element_type=\"section\">\n\t\t\t\t\t\t<div class=\"elementor-container elementor-column-gap-default\">\n\t\t\t\t\t<div class=\"elementor-column elementor-col-33 elementor-inner-column elementor-element elementor-element-db6e3ab animated-slow elementor-invisible\" data-id=\"db6e3ab\" data-element_type=\"column\" data-settings=\"{&quot;animation&quot;:&quot;fadeInUp&quot;}\">\n\t\t\t<div class=\"elementor-widget-wrap elementor-element-populated\">\n\t\t\t\t\t\t<div class=\"elementor-element elementor-element-a43d428 elementor-view-default elementor-position-top elementor-mobile-position-top elementor-widget elementor-widget-icon-box\" data-id=\"a43d428\" data-element_type=\"widget\" data-widget_type=\"icon-box.default\">\n\t\t\t\t<div class=\"elementor-widget-container\">\n\t\t\t\t\t\t\t<div class=\"elementor-icon-box-wrapper\">\n\n\t\t\t\t\t\t<div class=\"elementor-icon-box-icon\">\n\t\t\t\t<span  class=\"elementor-icon elementor-animation-grow\">\n\t\t\t\t<i aria-hidden=\"true\" class=\"icon icon-star-half\"><\/i>\t\t\t\t<\/span>\n\t\t\t<\/div>\n\t\t\t\n\t\t\t\t\t\t<div class=\"elementor-icon-box-content\">\n\n\t\t\t\t\t\t\t\t\t<h3 class=\"elementor-icon-box-title\">\n\t\t\t\t\t\t<span  >\n\t\t\t\t\t\t\tFuegos de colores suaves\t\t\t\t\t\t<\/span>\n\t\t\t\t\t<\/h3>\n\t\t\t\t\n\t\t\t\t\t\t\t\t\t<p class=\"elementor-icon-box-description\">\n\t\t\t\t\t\tUtilizamos una paleta de colores que se adapte a la tem\u00e1tica del evento, como tonos pastel que simbolicen la ternura y la nueva vida que llega.\t\t\t\t\t<\/p>\n\t\t\t\t\n\t\t\t<\/div>\n\t\t\t\n\t\t<\/div>\n\t\t\t\t\t\t<\/div>\n\t\t\t\t<\/div>\n\t\t\t\t\t<\/div>\n\t\t<\/div>\n\t\t\t\t<div class=\"elementor-column elementor-col-33 elementor-inner-column elementor-element elementor-element-aa79254 animated-slow elementor-invisible\" data-id=\"aa79254\" data-element_type=\"column\" data-settings=\"{&quot;animation&quot;:&quot;fadeInUp&quot;,&quot;animation_delay&quot;:100}\">\n\t\t\t<div class=\"elementor-widget-wrap elementor-element-populated\">\n\t\t\t\t\t\t<div class=\"elementor-element elementor-element-5f04a0b elementor-view-default elementor-position-top elementor-mobile-position-top elementor-widget elementor-widget-icon-box\" data-id=\"5f04a0b\" data-element_type=\"widget\" data-widget_type=\"icon-box.default\">\n\t\t\t\t<div class=\"elementor-widget-container\">\n\t\t\t\t\t\t\t<div class=\"elementor-icon-box-wrapper\">\n\n\t\t\t\t\t\t<div class=\"elementor-icon-box-icon\">\n\t\t\t\t<span  class=\"elementor-icon elementor-animation-grow\">\n\t\t\t\t<i aria-hidden=\"true\" class=\"icon icon-magic-wand\"><\/i>\t\t\t\t<\/span>\n\t\t\t<\/div>\n\t\t\t\n\t\t\t\t\t\t<div class=\"elementor-icon-box-content\">\n\n\t\t\t\t\t\t\t\t\t<h3 class=\"elementor-icon-box-title\">\n\t\t\t\t\t\t<span  >\n\t\t\t\t\t\t\tShows personalizados\t\t\t\t\t\t<\/span>\n\t\t\t\t\t<\/h3>\n\t\t\t\t\n\t\t\t\t\t\t\t\t\t<p class=\"elementor-icon-box-description\">\n\t\t\t\t\t\tCreamos un espect\u00e1culo a tu medida, con efectos que pueden ir desde peque\u00f1as explosiones de luz hasta secuencias sincronizadas con m\u00fasica.\t\t\t\t\t<\/p>\n\t\t\t\t\n\t\t\t<\/div>\n\t\t\t\n\t\t<\/div>\n\t\t\t\t\t\t<\/div>\n\t\t\t\t<\/div>\n\t\t\t\t\t<\/div>\n\t\t<\/div>\n\t\t\t\t<div class=\"elementor-column elementor-col-33 elementor-inner-column elementor-element elementor-element-725cca3 animated-slow elementor-invisible\" data-id=\"725cca3\" data-element_type=\"column\" data-settings=\"{&quot;animation&quot;:&quot;fadeInUp&quot;,&quot;animation_delay&quot;:200}\">\n\t\t\t<div class=\"elementor-widget-wrap elementor-element-populated\">\n\t\t\t\t\t\t<div class=\"elementor-element elementor-element-0295a68 elementor-view-default elementor-position-top elementor-mobile-position-top elementor-widget elementor-widget-icon-box\" data-id=\"0295a68\" data-element_type=\"widget\" data-widget_type=\"icon-box.default\">\n\t\t\t\t<div class=\"elementor-widget-container\">\n\t\t\t\t\t\t\t<div class=\"elementor-icon-box-wrapper\">\n\n\t\t\t\t\t\t<div class=\"elementor-icon-box-icon\">\n\t\t\t\t<span  class=\"elementor-icon elementor-animation-grow\">\n\t\t\t\t<i aria-hidden=\"true\" class=\"icon icon-diploma\"><\/i>\t\t\t\t<\/span>\n\t\t\t<\/div>\n\t\t\t\n\t\t\t\t\t\t<div class=\"elementor-icon-box-content\">\n\n\t\t\t\t\t\t\t\t\t<h3 class=\"elementor-icon-box-title\">\n\t\t\t\t\t\t<span  >\n\t\t\t\t\t\t\tEfectos visuales y seguros\t\t\t\t\t\t<\/span>\n\t\t\t\t\t<\/h3>\n\t\t\t\t\n\t\t\t\t\t\t\t\t\t<p class=\"elementor-icon-box-description\">\n\t\t\t\t\t\tGarantizamos que todos los efectos pirot\u00e9cnicos sean seguros para todos los asistentes, especialmente si hay ni\u00f1os o beb\u00e9s presentes.\t\t\t\t\t<\/p>\n\t\t\t\t\n\t\t\t<\/div>\n\t\t\t\n\t\t<\/div>\n\t\t\t\t\t\t<\/div>\n\t\t\t\t<\/div>\n\t\t\t\t\t<\/div>\n\t\t<\/div>\n\t\t\t\t\t<\/div>\n\t\t<\/section>\n\t\t\t\t\t<\/div>\n\t\t<\/div>\n\t\t\t\t\t<\/div>\n\t\t<\/section>\n\t\t\t\t<section class=\"elementor-section elementor-top-section elementor-element elementor-element-3eb38e07 elementor-reverse-tablet elementor-reverse-mobile elementor-section-boxed elementor-section-height-default elementor-section-height-default\" data-id=\"3eb38e07\" data-element_type=\"section\">\n\t\t\t\t\t\t<div class=\"elementor-container elementor-column-gap-default\">\n\t\t\t\t\t<div class=\"elementor-column elementor-col-50 elementor-top-column elementor-element elementor-element-7d667a9a\" data-id=\"7d667a9a\" data-element_type=\"column\">\n\t\t\t<div class=\"elementor-widget-wrap elementor-element-populated\">\n\t\t\t\t\t\t<div class=\"elementor-element elementor-element-1fdd1b93 elementor-widget elementor-widget-heading\" data-id=\"1fdd1b93\" data-element_type=\"widget\" data-widget_type=\"heading.default\">\n\t\t\t\t<div class=\"elementor-widget-container\">\n\t\t\t\t\t<h3 class=\"elementor-heading-title elementor-size-default\">Tu Babysower en Alicante<\/h3>\t\t\t\t<\/div>\n\t\t\t\t<\/div>\n\t\t\t\t<div class=\"elementor-element elementor-element-7c762c4b elementor-widget elementor-widget-heading\" data-id=\"7c762c4b\" data-element_type=\"widget\" data-widget_type=\"heading.default\">\n\t\t\t\t<div class=\"elementor-widget-container\">\n\t\t\t\t\t<h2 class=\"elementor-heading-title elementor-size-default\">Por qu\u00e9 elegirnos para tu Babysower en Alicante:<\/h2>\t\t\t\t<\/div>\n\t\t\t\t<\/div>\n\t\t\t\t<div class=\"elementor-element elementor-element-1b053ea elementor-position-left elementor-mobile-position-left elementor-view-default elementor-vertical-align-top elementor-widget elementor-widget-icon-box\" data-id=\"1b053ea\" data-element_type=\"widget\" data-widget_type=\"icon-box.default\">\n\t\t\t\t<div class=\"elementor-widget-container\">\n\t\t\t\t\t\t\t<div class=\"elementor-icon-box-wrapper\">\n\n\t\t\t\t\t\t<div class=\"elementor-icon-box-icon\">\n\t\t\t\t<span  class=\"elementor-icon elementor-animation-grow\">\n\t\t\t\t<i aria-hidden=\"true\" class=\"icon icon-pencil\"><\/i>\t\t\t\t<\/span>\n\t\t\t<\/div>\n\t\t\t\n\t\t\t\t\t\t<div class=\"elementor-icon-box-content\">\n\n\t\t\t\t\t\t\t\t\t<h3 class=\"elementor-icon-box-title\">\n\t\t\t\t\t\t<span  >\n\t\t\t\t\t\t\tPlanificaci\u00f3n detallada\t\t\t\t\t\t<\/span>\n\t\t\t\t\t<\/h3>\n\t\t\t\t\n\t\t\t\t\t\t\t\t\t<p class=\"elementor-icon-box-description\">\n\t\t\t\t\t\tTrabajamos contigo para entender tu visi\u00f3n y hacerla realidad, asegurando que cada detalle sea perfecto.\t\t\t\t\t<\/p>\n\t\t\t\t\n\t\t\t<\/div>\n\t\t\t\n\t\t<\/div>\n\t\t\t\t\t\t<\/div>\n\t\t\t\t<\/div>\n\t\t\t\t<div class=\"elementor-element elementor-element-5e10059 elementor-position-left elementor-mobile-position-left elementor-view-default elementor-vertical-align-top elementor-widget elementor-widget-icon-box\" data-id=\"5e10059\" data-element_type=\"widget\" data-widget_type=\"icon-box.default\">\n\t\t\t\t<div class=\"elementor-widget-container\">\n\t\t\t\t\t\t\t<div class=\"elementor-icon-box-wrapper\">\n\n\t\t\t\t\t\t<div class=\"elementor-icon-box-icon\">\n\t\t\t\t<span  class=\"elementor-icon elementor-animation-grow\">\n\t\t\t\t<i aria-hidden=\"true\" class=\"icon icon-eye\"><\/i>\t\t\t\t<\/span>\n\t\t\t<\/div>\n\t\t\t\n\t\t\t\t\t\t<div class=\"elementor-icon-box-content\">\n\n\t\t\t\t\t\t\t\t\t<h3 class=\"elementor-icon-box-title\">\n\t\t\t\t\t\t<span  >\n\t\t\t\t\t\t\tSeguridad prioritaria\t\t\t\t\t\t<\/span>\n\t\t\t\t\t<\/h3>\n\t\t\t\t\n\t\t\t\t\t\t\t\t\t<p class=\"elementor-icon-box-description\">\n\t\t\t\t\t\tSeguimos estrictos protocolos de seguridad para garantizar un evento sin contratiempos.\t\t\t\t\t<\/p>\n\t\t\t\t\n\t\t\t<\/div>\n\t\t\t\n\t\t<\/div>\n\t\t\t\t\t\t<\/div>\n\t\t\t\t<\/div>\n\t\t\t\t<div class=\"elementor-element elementor-element-4d33483 elementor-position-left elementor-mobile-position-left elementor-view-default elementor-vertical-align-top elementor-widget elementor-widget-icon-box\" data-id=\"4d33483\" data-element_type=\"widget\" data-widget_type=\"icon-box.default\">\n\t\t\t\t<div class=\"elementor-widget-container\">\n\t\t\t\t\t\t\t<div class=\"elementor-icon-box-wrapper\">\n\n\t\t\t\t\t\t<div class=\"elementor-icon-box-icon\">\n\t\t\t\t<span  class=\"elementor-icon elementor-animation-grow\">\n\t\t\t\t<i aria-hidden=\"true\" class=\"icon icon-bookmark\"><\/i>\t\t\t\t<\/span>\n\t\t\t<\/div>\n\t\t\t\n\t\t\t\t\t\t<div class=\"elementor-icon-box-content\">\n\n\t\t\t\t\t\t\t\t\t<h3 class=\"elementor-icon-box-title\">\n\t\t\t\t\t\t<span  >\n\t\t\t\t\t\t\tExperiencia y profesionalidad\t\t\t\t\t\t<\/span>\n\t\t\t\t\t<\/h3>\n\t\t\t\t\n\t\t\t\t\t\t\t\t\t<p class=\"elementor-icon-box-description\">\n\t\t\t\t\t\tSomos expertos en crear momentos inolvidables con espect\u00e1culos pirot\u00e9cnicos.\t\t\t\t\t<\/p>\n\t\t\t\t\n\t\t\t<\/div>\n\t\t\t\n\t\t<\/div>\n\t\t\t\t\t\t<\/div>\n\t\t\t\t<\/div>\n\t\t\t\t<div class=\"elementor-element elementor-element-64cc2a6 elementor-widget elementor-widget-text-editor\" data-id=\"64cc2a6\" data-element_type=\"widget\" data-widget_type=\"text-editor.default\">\n\t\t\t\t<div class=\"elementor-widget-container\">\n\t\t\t\t\t\t\t\t\t<p>No pierdas la oportunidad de sorprender a tus invitados y dar la bienvenida al beb\u00e9 de una manera \u00fanica.<\/p><p><span style=\"text-decoration: underline;\"><a href=\"https:\/\/eventospirotecnicosalicante.com\/?page_id=76\">Cont\u00e1ctanos hoy y convierte tu Babysower en un evento espectacular en Alicante.<\/a><\/span><\/p>\t\t\t\t\t\t\t\t<\/div>\n\t\t\t\t<\/div>\n\t\t\t\t\t<\/div>\n\t\t<\/div>\n\t\t\t\t<div class=\"elementor-column elementor-col-50 elementor-top-column elementor-element elementor-element-401281ea animated-slow elementor-invisible\" data-id=\"401281ea\" data-element_type=\"column\" data-settings=\"{&quot;animation&quot;:&quot;fadeInRight&quot;}\">\n\t\t\t<div class=\"elementor-widget-wrap elementor-element-populated\">\n\t\t\t\t\t\t<div class=\"elementor-element elementor-element-1c286df6 elementor-widget elementor-widget-image\" data-id=\"1c286df6\" data-element_type=\"widget\" data-widget_type=\"image.default\">\n\t\t\t\t<div class=\"elementor-widget-container\">\n\t\t\t\t\t\t\t\t\t\t\t\t\t\t\t<img fetchpriority=\"high\" decoding=\"async\" width=\"871\" height=\"960\" src=\"https:\/\/eventospirotecnicosalicante.com\/wp-content\/uploads\/2024\/12\/sobre-nosotros1.jpg\" class=\"attachment-full size-full wp-image-496\" alt=\"sobre nosotros1\" srcset=\"https:\/\/eventospirotecnicosalicante.com\/wp-content\/uploads\/2024\/12\/sobre-nosotros1.jpg 871w, https:\/\/eventospirotecnicosalicante.com\/wp-content\/uploads\/2024\/12\/sobre-nosotros1-272x300.jpg 272w, https:\/\/eventospirotecnicosalicante.com\/wp-content\/uploads\/2024\/12\/sobre-nosotros1-768x846.jpg 768w\" sizes=\"(max-width: 871px) 100vw, 871px\" \/>\t\t\t\t\t\t\t\t\t\t\t\t\t\t\t<\/div>\n\t\t\t\t<\/div>\n\t\t\t\t\t<\/div>\n\t\t<\/div>\n\t\t\t\t\t<\/div>\n\t\t<\/section>\n\t\t\t\t<\/div>\n\t\t","protected":false},"excerpt":{"rendered":"<p>Espect\u00e1culos pirot\u00e9cnicos Babyshowers en\u00a0Alicante Home \/ Babysower Organizar un Babysower en Alicante es una ocasi\u00f3n especial para compartir alegr\u00eda y anticipaci\u00f3n con amigos y familiares. En Eventos Pirot\u00e9cnicos Alicante, nos encargamos de a\u00f1adir un toque m\u00e1gico a tu celebraci\u00f3n con fuegos artificiales cuidadosamente dise\u00f1ados, perfectos para crear un ambiente lleno de luz y emoci\u00f3n. INFORMACI\u00d3N [&hellip;]<\/p>\n","protected":false},"author":1,"featured_media":0,"parent":0,"menu_order":0,"comment_status":"closed","ping_status":"closed","template":"elementor_header_footer","meta":{"_joinchat":[],"footnotes":""},"class_list":["post-61","page","type-page","status-publish","hentry"],"yoast_head":"<!-- This site is optimized with the Yoast SEO plugin v24.6 - https:\/\/yoast.com\/wordpress\/plugins\/seo\/ -->\n<title>Fuegos Artificiales para Babysower en Alicante - Eventos Pirot\u00e9cnicos Alicante<\/title>\n<meta name=\"description\" content=\"Celebra la llegada del beb\u00e9 con un espect\u00e1culo pirot\u00e9cnico \u00fanico en Alicante. Haz que tu Babysower sea inolvidable con Eventos Pirot\u00e9cnicos Alicante.\" \/>\n<meta name=\"robots\" content=\"index, follow, max-snippet:-1, max-image-preview:large, max-video-preview:-1\" \/>\n<link rel=\"canonical\" href=\"https:\/\/eventospirotecnicosalicante.com\/?page_id=61\" \/>\n<meta property=\"og:locale\" content=\"es_ES\" \/>\n<meta property=\"og:type\" content=\"article\" \/>\n<meta property=\"og:title\" content=\"Fuegos Artificiales para Babysower en Alicante - Eventos Pirot\u00e9cnicos Alicante\" \/>\n<meta property=\"og:description\" content=\"Celebra la llegada del beb\u00e9 con un espect\u00e1culo pirot\u00e9cnico \u00fanico en Alicante. Haz que tu Babysower sea inolvidable con Eventos Pirot\u00e9cnicos Alicante.\" \/>\n<meta property=\"og:url\" content=\"https:\/\/eventospirotecnicosalicante.com\/?page_id=61\" \/>\n<meta property=\"og:site_name\" content=\"Eventos Pirot\u00e9cnicos Alicante\" \/>\n<meta property=\"article:modified_time\" content=\"2024-12-27T13:16:11+00:00\" \/>\n<meta property=\"og:image\" content=\"https:\/\/eventospirotecnicosalicante.com\/wp-content\/uploads\/2024\/12\/sobre-nosotros1.jpg\" \/>\n\t<meta property=\"og:image:width\" content=\"871\" \/>\n\t<meta property=\"og:image:height\" content=\"960\" \/>\n\t<meta property=\"og:image:type\" content=\"image\/jpeg\" \/>\n<meta name=\"twitter:card\" content=\"summary_large_image\" \/>\n<meta name=\"twitter:label1\" content=\"Tiempo de lectura\" \/>\n\t<meta name=\"twitter:data1\" content=\"1 minuto\" \/>\n<script type=\"application\/ld+json\" class=\"yoast-schema-graph\">{\"@context\":\"https:\/\/schema.org\",\"@graph\":[{\"@type\":\"WebPage\",\"@id\":\"https:\/\/eventospirotecnicosalicante.com\/?page_id=61\",\"url\":\"https:\/\/eventospirotecnicosalicante.com\/?page_id=61\",\"name\":\"Fuegos Artificiales para Babysower en Alicante - Eventos Pirot\u00e9cnicos Alicante\",\"isPartOf\":{\"@id\":\"https:\/\/eventospirotecnicosalicante.com\/#website\"},\"primaryImageOfPage\":{\"@id\":\"https:\/\/eventospirotecnicosalicante.com\/?page_id=61#primaryimage\"},\"image\":{\"@id\":\"https:\/\/eventospirotecnicosalicante.com\/?page_id=61#primaryimage\"},\"thumbnailUrl\":\"https:\/\/eventospirotecnicosalicante.com\/wp-content\/uploads\/2024\/12\/sobre-nosotros1.jpg\",\"datePublished\":\"2024-12-11T18:21:54+00:00\",\"dateModified\":\"2024-12-27T13:16:11+00:00\",\"description\":\"Celebra la llegada del beb\u00e9 con un espect\u00e1culo pirot\u00e9cnico \u00fanico en Alicante. Haz que tu Babysower sea inolvidable con Eventos Pirot\u00e9cnicos Alicante.\",\"breadcrumb\":{\"@id\":\"https:\/\/eventospirotecnicosalicante.com\/?page_id=61#breadcrumb\"},\"inLanguage\":\"es\",\"potentialAction\":[{\"@type\":\"ReadAction\",\"target\":[\"https:\/\/eventospirotecnicosalicante.com\/?page_id=61\"]}]},{\"@type\":\"ImageObject\",\"inLanguage\":\"es\",\"@id\":\"https:\/\/eventospirotecnicosalicante.com\/?page_id=61#primaryimage\",\"url\":\"https:\/\/eventospirotecnicosalicante.com\/wp-content\/uploads\/2024\/12\/sobre-nosotros1.jpg\",\"contentUrl\":\"https:\/\/eventospirotecnicosalicante.com\/wp-content\/uploads\/2024\/12\/sobre-nosotros1.jpg\",\"width\":871,\"height\":960,\"caption\":\"sobre nosotros1\"},{\"@type\":\"BreadcrumbList\",\"@id\":\"https:\/\/eventospirotecnicosalicante.com\/?page_id=61#breadcrumb\",\"itemListElement\":[{\"@type\":\"ListItem\",\"position\":1,\"name\":\"Portada\",\"item\":\"https:\/\/eventospirotecnicosalicante.com\/\"},{\"@type\":\"ListItem\",\"position\":2,\"name\":\"Fuegos Artificiales para Babysower en Alicante\"}]},{\"@type\":\"WebSite\",\"@id\":\"https:\/\/eventospirotecnicosalicante.com\/#website\",\"url\":\"https:\/\/eventospirotecnicosalicante.com\/\",\"name\":\"Eventos Pirot\u00e9cnicos Alicante\",\"description\":\"Expertos en Eventos Pirot\u00e9cnicos en Alicante\",\"potentialAction\":[{\"@type\":\"SearchAction\",\"target\":{\"@type\":\"EntryPoint\",\"urlTemplate\":\"https:\/\/eventospirotecnicosalicante.com\/?s={search_term_string}\"},\"query-input\":{\"@type\":\"PropertyValueSpecification\",\"valueRequired\":true,\"valueName\":\"search_term_string\"}}],\"inLanguage\":\"es\"}]}<\/script>\n<!-- \/ Yoast SEO plugin. -->","yoast_head_json":{"title":"Fuegos Artificiales para Babysower en Alicante - Eventos Pirot\u00e9cnicos Alicante","description":"Celebra la llegada del beb\u00e9 con un espect\u00e1culo pirot\u00e9cnico \u00fanico en Alicante. Haz que tu Babysower sea inolvidable con Eventos Pirot\u00e9cnicos Alicante.","robots":{"index":"index","follow":"follow","max-snippet":"max-snippet:-1","max-image-preview":"max-image-preview:large","max-video-preview":"max-video-preview:-1"},"canonical":"https:\/\/eventospirotecnicosalicante.com\/?page_id=61","og_locale":"es_ES","og_type":"article","og_title":"Fuegos Artificiales para Babysower en Alicante - Eventos Pirot\u00e9cnicos Alicante","og_description":"Celebra la llegada del beb\u00e9 con un espect\u00e1culo pirot\u00e9cnico \u00fanico en Alicante. Haz que tu Babysower sea inolvidable con Eventos Pirot\u00e9cnicos Alicante.","og_url":"https:\/\/eventospirotecnicosalicante.com\/?page_id=61","og_site_name":"Eventos Pirot\u00e9cnicos Alicante","article_modified_time":"2024-12-27T13:16:11+00:00","og_image":[{"width":871,"height":960,"url":"https:\/\/eventospirotecnicosalicante.com\/wp-content\/uploads\/2024\/12\/sobre-nosotros1.jpg","type":"image\/jpeg"}],"twitter_card":"summary_large_image","twitter_misc":{"Tiempo de lectura":"1 minuto"},"schema":{"@context":"https:\/\/schema.org","@graph":[{"@type":"WebPage","@id":"https:\/\/eventospirotecnicosalicante.com\/?page_id=61","url":"https:\/\/eventospirotecnicosalicante.com\/?page_id=61","name":"Fuegos Artificiales para Babysower en Alicante - Eventos Pirot\u00e9cnicos Alicante","isPartOf":{"@id":"https:\/\/eventospirotecnicosalicante.com\/#website"},"primaryImageOfPage":{"@id":"https:\/\/eventospirotecnicosalicante.com\/?page_id=61#primaryimage"},"image":{"@id":"https:\/\/eventospirotecnicosalicante.com\/?page_id=61#primaryimage"},"thumbnailUrl":"https:\/\/eventospirotecnicosalicante.com\/wp-content\/uploads\/2024\/12\/sobre-nosotros1.jpg","datePublished":"2024-12-11T18:21:54+00:00","dateModified":"2024-12-27T13:16:11+00:00","description":"Celebra la llegada del beb\u00e9 con un espect\u00e1culo pirot\u00e9cnico \u00fanico en Alicante. Haz que tu Babysower sea inolvidable con Eventos Pirot\u00e9cnicos Alicante.","breadcrumb":{"@id":"https:\/\/eventospirotecnicosalicante.com\/?page_id=61#breadcrumb"},"inLanguage":"es","potentialAction":[{"@type":"ReadAction","target":["https:\/\/eventospirotecnicosalicante.com\/?page_id=61"]}]},{"@type":"ImageObject","inLanguage":"es","@id":"https:\/\/eventospirotecnicosalicante.com\/?page_id=61#primaryimage","url":"https:\/\/eventospirotecnicosalicante.com\/wp-content\/uploads\/2024\/12\/sobre-nosotros1.jpg","contentUrl":"https:\/\/eventospirotecnicosalicante.com\/wp-content\/uploads\/2024\/12\/sobre-nosotros1.jpg","width":871,"height":960,"caption":"sobre nosotros1"},{"@type":"BreadcrumbList","@id":"https:\/\/eventospirotecnicosalicante.com\/?page_id=61#breadcrumb","itemListElement":[{"@type":"ListItem","position":1,"name":"Portada","item":"https:\/\/eventospirotecnicosalicante.com\/"},{"@type":"ListItem","position":2,"name":"Fuegos Artificiales para Babysower en Alicante"}]},{"@type":"WebSite","@id":"https:\/\/eventospirotecnicosalicante.com\/#website","url":"https:\/\/eventospirotecnicosalicante.com\/","name":"Eventos Pirot\u00e9cnicos Alicante","description":"Expertos en Eventos Pirot\u00e9cnicos en Alicante","potentialAction":[{"@type":"SearchAction","target":{"@type":"EntryPoint","urlTemplate":"https:\/\/eventospirotecnicosalicante.com\/?s={search_term_string}"},"query-input":{"@type":"PropertyValueSpecification","valueRequired":true,"valueName":"search_term_string"}}],"inLanguage":"es"}]}},"_links":{"self":[{"href":"https:\/\/eventospirotecnicosalicante.com\/index.php?rest_route=\/wp\/v2\/pages\/61","targetHints":{"allow":["GET"]}}],"collection":[{"href":"https:\/\/eventospirotecnicosalicante.com\/index.php?rest_route=\/wp\/v2\/pages"}],"about":[{"href":"https:\/\/eventospirotecnicosalicante.com\/index.php?rest_route=\/wp\/v2\/types\/page"}],"author":[{"embeddable":true,"href":"https:\/\/eventospirotecnicosalicante.com\/index.php?rest_route=\/wp\/v2\/users\/1"}],"replies":[{"embeddable":true,"href":"https:\/\/eventospirotecnicosalicante.com\/index.php?rest_route=%2Fwp%2Fv2%2Fcomments&post=61"}],"version-history":[{"count":0,"href":"https:\/\/eventospirotecnicosalicante.com\/index.php?rest_route=\/wp\/v2\/pages\/61\/revisions"}],"wp:attachment":[{"href":"https:\/\/eventospirotecnicosalicante.com\/index.php?rest_route=%2Fwp%2Fv2%2Fmedia&parent=61"}],"curies":[{"name":"wp","href":"https:\/\/api.w.org\/{rel}","templated":true}]}}